.
-5
Suppose t + h + 21 = 0, 5*t - 2*h + 120 = 29. Let s(g) = -g**3 - 20*g**2 - 17*g + 39. Give s(t).
1
Let g(f) = 312 + 314 + f + 313 - 1252 + 317. Let v(z) = 15*z + 1. Let k be v(-1). Let u = k + 9. Calculate g(u).
-1
Let f(w) = -2*w**3 + w - 1. Let c = 24 + -23. Suppose 2*k = -5*p + 2*p - c, 5*k = 3*p + 8. Let t be f(k). Let l(j) = j**2 + 2*j. Calculate l(t).
0
Let h(m) = m**2 - 3*m - 642. Let w be h(-24). Let i(y) = -2*y**2 + 10*y + 2. Determine i(w).
-10
Let l(s) = -s + 1. Let o = -735 - -755. Let d(r) = -r**2 + 6*r + 285. Let z be d(o). Give l(z).
-4
Let m(d) be the third derivative of -d**4/24 + d**3/6 - 2*d**2. Suppose -1065 = 2*t + 2*s - 1047, -2*s = 4*t + 28. What is m(t)?
6
Let c = 11194 + -11190. Let v(r) = -19*r - 1. Give v(c).
-77
Let l(b) = b**3 + b - 14. Let x be (46/(-3) - 34/51)/(-2). Suppose -2*p - 3*f = -12, 41*f - x = -p + 39*f. Determine l(p).
-14
Let l(i) = -i**3 - 12*i**2 - 11*i + 6. Let o = 218 - 216. Suppose -15*b - 187 = o*b. Give l(b).
6
Let g(k) be the second derivative of -2*k**3/3 + 13*k**2 + 134*k + 1. Calculate g(8).
-6
Let w(h) = -h - 7*h**2 + 3 - 2*h**3 + h**3 - 5*h. Suppose -4*a - 3*n - 19 = 0, -2*a + 5*n - 15 = 3*a. Let p be -9 - -3 - (-4 - a). Determine w(p).
3
Let m(n) = 11*n + 70. Let i(v) = v**3 - 8*v**2 + 21*v - 175. Let z be i(8). Give m(z).
-7
Let l(w) = -13*w + 154. Let s(j) = 3*j - 12. Let t(m) = l(m) + 2*s(m). Give t(17).
11
Let g(s) = s - 2. Let n = 317 - 315. Let a be n/6 + 4/6. Determine g(a).
-1
Let i = -99224 + 99217. Let a(f) = f**3 - f**2 - f - 1. Let l(g) = -2*g**3 - 6*g**2 + 4*g + 1. Let n(o) = -a(o) - l(o). What is n(i)?
21
Suppose 4*w + 13 + 1 - 6 = 0. Let y(v) = -v**2 - 12*v - 19. Calculate y(w).
1
Let i(j) = j + 62. Suppose 0 = 15*k - 9*k. What is i(k)?
62
Let z(n) = -4*n**3 - 15*n**2 + 11*n - 23. Let b(c) = -7*c**3 - 29*c**2 + 22*c - 46. Let l(x) = -3*b(x) + 5*z(x). What is l(-13)?
-3
Let v(x) = -2*x**3 - 21*x**2 - 10*x + 6. Let k(d) = -44*d + 2102. Let r be k(48). Calculate v(r).
6
Let z(j) = -52*j + 53. Let r(t) = -5*t + 3. Let l(d) = -7*r(d) + z(d). What is l(2)?
-2
Let o = -511 + 512. Let b be (31 - 36)*(-1)/(o + -2). Let k(j) = j**3 + 5*j**2 - j + 2. Calculate k(b).
7
Let m(a) = -9*a. Let x be 2/4 + (-4876)/16*-2. Let n = 611 - x. Determine m(n).
-9
Let a = 950 + -948. Let r(w) = 58*w**2 - 3*w - 2*w + w**3 + 49*w**2 - 3 - 103*w**a. What is r(-5)?
-3
Let f(p) = -127*p - 643. Let l(y) = y**2 - 14. Let g be l(-3). Calculate f(g).
-8
Let n(m) = 6*m**2 + 13*m + 9. Let b(k) = -k**2 - k. Let i(g) = -5*b(g) - n(g). Suppose 1495 = -8*c + 1455. Give i(c).
6
Let q(m) = -m**2 + m. Let h(z) = 3*z**2 - 8*z + 6. Let g(o) = -h(o) - 2*q(o). Let p(t) = t**3 - 98*t**2 - 294*t - 904. Let x be p(101). Calculate g(x).
-1
Let w(k) = 30 - k**2 + 26 - 54 + 9*k + 6*k - 7*k. Calculate w(3).
17
Suppose -735 = -3*n - 726. Suppose -n*g - 2*b - 1 = 0, 0 = 2*g + 3*b - 2*b. Let u(p) be the first derivative of p**3/3 + 1. Give u(g).
1
Let d(m) be the first derivative of m**2/2 + 31*m - 2903. Calculate d(-19).
12
Let g(i) = -3*i**3 - 8*i**2 - i - 17. Let s(c) = 23*c**3 + 58*c**2 + 5*c + 120. Let j(y) = 15*g(y) + 2*s(y). Calculate j(5).
-15
Let x(d) be the first derivative of d**7/840 - d**6/45 + 3*d**5/40 - 7*d**4/24 + 9*d**3 - 69. Let j(i) be the third derivative of x(i). Determine j(7).
7
Let g = -24 - -17. Let w(a) = 29*a - 50. Let n(m) = 2*m - 1. Let c(q) = -5*n(q) + w(q). Let h(p) = -4*p + 11. Let j(r) = 2*c(r) + 9*h(r). What is j(g)?
-5
Let g(n) = -2*n**2 + 26*n + 24. Suppose -376*l + 1430 = -4962. Give g(l).
-112
Let g = -3429 + 3428. Let w(h) = 7*h**3 - 3*h**2 + 2. Give w(g).
-8
Let d be 1/9*(1424 + -1415). Let k(z) = 0 + 3 - 5 - 12*z + 0. Give k(d).
-14
Let o(z) be the first derivative of -z**4/4 - z**2/2 - z - 804. Determine o(-2).
9
Let g(t) = -19*t**3 - 106*t**2 - 10*t + 3. Let i(w) = -4*w**3 - 22*w**2 - 2*w + 1. Let f(k) = 3*g(k) - 14*i(k). What is f(-10)?
15
Suppose -7*u - 32*u = u + 200. Let l(z) = z**3 + 5*z**2 + 6*z - 8. Calculate l(u).
-38
Let a be 193 - 180 - 2*3. Let b(w) = w + w - w - 7. What is b(a)?
0
Let f(i) = i**2 - 8*i - 36. Let x(b) = -b**3 + 12*b**2 + 12*b + 24. Let p be x(13). Let k be f(p). Let g(o) = o**2 + o - 3. Determine g(k).
3
Let i be -1 + 3*5/3. Let b = -49 - -55. Let a(p) = b*p + 2*p**2 + 41 - p - 3*p**2 - 37. Determine a(i).
8
Let n(l) = 2*l - 9. Let v(q) = 19*q**2 + q - 3. Let j be v(-2). Let a = 70 - j. Let t be 12/(4 + -3 - a). Determine n(t).
3
Let m(g) = -35*g**2 - 5*g + 32. Let r(f) = -24*f**2 - 4*f + 22. Let s(w) = 7*m(w) - 10*r(w). Give s(5).
-96
Suppose 3*x - 12 = -f, -8*f + 9*f = 5*x - 28. Let a(q) = 4*q**2 - 3*q + 2. What is a(f)?
47
Let k be (8*(-3)/14)/((-6)/147). Suppose k = 8*x - x. Let o(r) = 2*r - 16 + 2 + 9. Give o(x).
7
Let u(p) = -38*p**3 + 168*p**2 - 584*p - 272. Let t(z) = 11*z**3 - 48*z**2 + 167*z + 78. Let i(o) = -31*t(o) - 9*u(o). Calculate i(20).
10
Let t = -747 - -734. Let l(k) = 22*k + 26. Let q(v) = -11*v - 12. Let u(s) = t*q(s) - 6*l(s). Give u(3).
33
Suppose 5*x - 3*x = 5*t - 134, -5*x - 50 = -3*t. Let f(j) = 2*j - 65. What is f(t)?
-5
Suppose i - 1 = 3*v, 4*i + 3*v + 0 = 4. Let f be (-4)/(-30) + ((-1369407)/(-45))/13. Let l(j) = f*j**2 - 1168*j**2 - 1168*j**2. Determine l(i).
5
Let a(x) be the first derivative of 4*x**2 - 14 - 1/6*x**4 + 0*x + 0*x**3. Let m(o) be the second derivative of a(o). Determine m(1).
-4
Let m(i) = -i**3 - 6*i**2 - 8*i - 5. Let h be (-7)/(-49) + (120/21)/(-5). Let n be 3/3 + h*(4 + 2). Determine m(n).
10
Suppose 526 - 1501 = -65*p. Let l(g) = -7*g + 105. What is l(p)?
0
Let p(x) be the second derivative of x**5/20 - x**4/2 + 5*x**3/6 + 13*x**2/2 + 1118*x. Determine p(6).
43
Let q(v) = 2*v**3 - 7*v**2 - 6*v + 4. Let k(s) = -3*s**3 + 7*s**2 + 6*s - 4. Let j(o) = 3*k(o) + 4*q(o). Let b = 7937 + -7943. Determine j(b).
4
Let d(t) = -4*t - 7. Let f be (4/(-6))/(36/(-378)). Suppose 0 = f*u - u. Suppose c = -u*c + 3, -16 = 5*z + 3*c. Give d(z).
13
Let k(a) be the second derivative of -a**3/6 + 7*a**2/2 - 7*a - 90. Calculate k(2).
5
Let y = 101 + -102. Let t be ((0/23)/(y*1))/2. Let j(b) = -b - 16. Determine j(t).
-16
Let h(i) = -i**2 - 297*i - 28 + 231*i + 81*i. Give h(11).
16
Let i be (-8)/(-20) + (-63)/(-5). Let w(u) = u**2 - 9*u + 19*u - i*u + 6. Suppose -4*z = -6*z + 8. Calculate w(z).
10
Let w(l) be the first derivative of l**3 - 5*l**2/2 + 10*l - 910. Let k(b) = -b + 9*b - 10 - 4*b**2 - 5. Let v(p) = -5*k(p) - 7*w(p). What is v(-6)?
-1
Let p(h) be the first derivative of -h**4/4 + 4*h**3 + 43*h**2/2 + 17*h - 7788. Give p(15).
-13
Let f(c) = -2*c + 3. Let x(j) = -11*j + 5. Let r(b) = 24*b - 11. Let s(z) = 6*r(z) + 13*x(z). Let p(n) = f(n) + s(n). Determine p(-8).
10
Let f = -97 - -124. Suppose -61*c + 64*c = -f. Let a(q) = -q**2 - 8*q - 6. Calculate a(c).
-15
Let g = -431 + 436. Let m(a) = 19*a - 98. Let w be m(g). Let u(b) = 3*b - 6. What is u(w)?
-15
Suppose f = -9*r + 8*r + 6, 5*f - 30 = -3*r. Let u(j) = -j**2 - 1 - 3 + 17 + 6*j - f. Determine u(7).
0
Let w(g) be the first derivative of -g**6/120 + 7*g**5/60 - 5*g**4/24 - g**3/3 + 5*g**2 - 8. Let d(a) be the second derivative of w(a). Calculate d(6).
4
Let x(l) = -2*l**3 + 27*l**2 + 15*l - 8. Let n = -5644 + 5658. Determine x(n).
6
Let t(w) be the first derivative of w**5/120 - w**4/24 + 40*w**3/3 + 112. Let q(p) be the third derivative of t(p). Give q(8).
7
Let p(x) = x**3 - 8*x**2 - 11. Let f(n) = 2*n**2 - 3*n - 2. Let a = -15 - -17. Let w be f(a). Suppose -64 = -8*o - w. Calculate p(o).
-11
Suppose -15*q - 1491 = 714. Let w = q + 147. Let d(h) = -h - 8. Give d(w).
-8
Suppose 2*f - 4*h - 24 = 0, 2*f - f + 13 = -3*h. Let k(o) = 4 + o**f - 15*o + o + 19*o. What is k(-6)?
10
Let c(i) be the second derivative of 1/360*i**6 + 0 + 3/40*i**5 + 11*i + 0*i**2 + 3/8*i**4 + 5/3*i**3. Let v(r) be the second derivative of c(r). Give v(-7).
-5
Let c(z) be the third derivative of -z**6/120 + z**5/20 - 5*z**4/24 - 19*z**3/6 + 2*z**2 + 3*z + 7. Calculate c(-3).
50
Suppose 8*n - 88 = -0*n. Suppose -25 = n*k - 91. Let h(t) = -8*t - 2 + k - t. Give h(3).
-23
Let c(l) = -2*l - 1. Let u = 49 - 59. Let f = -1 - u. Let r be f/(-4) + (3 + -1)/8. Determine c(r).
3
Let m(j) = 29*j + 58. Let v be m(-2). Let f(w) = 13*w + v*w**2 - 7 + 7 + 4 - w**2. Determine f(13).
4
Let q(d) = -6*d**2 + 